NOAA-Style Climate Reports
Select a Year or Month report
2024: Jan Feb Mar Apr May Jun Jul Aug Sep Oct Nov Dec
2023: Jan Feb Mar Apr May Jun Jul Aug Sep Oct Nov Dec
2022: Jan Feb Mar Apr May Jun Jul Aug Sep Oct Nov Dec
2021: Jan Feb Mar Apr May Jun Jul Aug Sep Oct Nov Dec
2020: Jan Feb Mar Apr May Jun Jul Aug Sep Oct Nov Dec
2019: Jan Feb Mar Apr May Jun Jul Aug Sep Oct Nov Dec
2018: Jan Feb Mar Apr May Jun Jul Aug Sep Oct Nov Dec
2017: Jan Feb Mar Apr May Jun Jul Aug Sep Oct Nov Dec
2016: Jan Feb Mar Apr May Jun Jul Aug Sep Oct Nov Dec
2015: Jan Feb Mar Apr May Jun Jul Aug Sep Oct Nov Dec
2024: Jan Feb Mar Apr May Jun Jul Aug Sep Oct Nov Dec
2023: Jan Feb Mar Apr May Jun Jul Aug Sep Oct Nov Dec
2022: Jan Feb Mar Apr May Jun Jul Aug Sep Oct Nov Dec
2021: Jan Feb Mar Apr May Jun Jul Aug Sep Oct Nov Dec
2020: Jan Feb Mar Apr May Jun Jul Aug Sep Oct Nov Dec
2019: Jan Feb Mar Apr May Jun Jul Aug Sep Oct Nov Dec
2018: Jan Feb Mar Apr May Jun Jul Aug Sep Oct Nov Dec
2017: Jan Feb Mar Apr May Jun Jul Aug Sep Oct Nov Dec
2016: Jan Feb Mar Apr May Jun Jul Aug Sep Oct Nov Dec
2015: Jan Feb Mar Apr May Jun Jul Aug Sep Oct Nov Dec
Report for 2024 July
Daily NOAA report MONTHLY CLIMATOLOGICAL SUMMARY for JUL. 2024 NAME: West Hills Weather Server CITY: West Hills STATE: California ELEV: 869 ft LAT: 034:14:00 LONG: 0118:38:40 TEMPERATURE ( °F), RAIN (in.), WIND SPEED (mph) HEAT COOL AVG MEAN DEG DEG WIND DOM DAY TEMP HIGH TIME LOW TIME DAYS DAYS RAIN SPEED HIGH TIME DIR -------------------------------------------------------------------------------------------------------- 01 78.5 096.4 14:57 61.9 06:16 00.0 13.5 00.00 02.9 13.8 17:49 NNE 02 77.7 096.6 14:55 60.4 06:15 00.0 12.8 00.00 02.6 12.7 17:43 NE 03 81.8 105.4 14:34 61.5 06:15 00.0 16.8 00.00 02.7 13.8 18:41 NNW 04 80.9 099.5 16:34 64.9 06:02 00.0 16.0 00.00 02.8 11.5 17:38 E 05 85.6 107.4 17:14 65.1 06:15 00.0 20.6 00.00 02.6 12.7 16:35 NE 06 80.3 095.5 17:00 66.0 06:14 00.0 15.4 00.00 03.0 11.5 19:44 ENE 07 80.3 096.4 14:52 64.8 06:21 00.0 15.3 00.00 02.4 11.5 15:18 ENE 08 80.2 095.0 13:29 64.8 06:17 00.0 15.3 00.00 02.6 12.7 14:05 ENE 09 82.1 101.8 15:07 64.8 06:24 00.0 17.2 00.00 02.5 10.3 17:36 NNW 10 84.2 104.4 14:52 65.5 06:23 00.0 19.2 00.00 02.5 12.7 18:59 NW 11 82.1 101.8 15:38 68.0 05:37 00.0 17.2 00.00 03.0 14.9 15:39 NE 12 76.0 090.5 15:15 64.9 06:27 00.0 11.1 00.00 02.5 14.9 15:41 E 13 78.3 097.7 15:34 66.7 06:35 00.0 13.3 00.00 02.9 13.8 17:30 ENE 14 78.2 097.2 15:40 64.2 07:00 00.0 13.2 00.00 02.5 11.5 14:19 NNE 15 78.5 095.7 13:39 64.9 06:12 00.0 13.6 00.00 03.1 16.1 16:37 NNW 16 77.1 091.8 13:36 64.8 06:23 00.0 12.2 00.00 02.9 12.7 17:58 NNW 17 77.1 091.8 14:20 64.2 06:20 00.0 12.1 00.00 02.8 13.8 17:37 N 18 80.6 096.6 14:36 67.5 06:33 00.0 15.7 00.00 03.1 13.8 17:02 NNE 19 81.7 103.5 14:55 63.9 06:22 00.0 16.7 00.00 02.6 13.8 16:44 N 20 84.0 104.2 13:36 64.0 05:21 00.0 19.1 00.00 02.6 18.4 15:00 WNW 21 83.6 102.6 15:11 66.7 06:39 00.0 18.6 00.00 02.7 13.8 16:35 NNW 22 83.9 104.0 13:46 66.6 06:09 00.0 19.0 00.00 03.0 16.1 16:29 N 23 84.1 103.3 14:13 69.6 06:22 00.0 19.1 00.00 03.1 17.3 15:43 N 24 84.4 101.8 13:16 69.6 06:21 00.0 19.5 00.00 02.9 13.8 16:51 N 25 85.6 104.4 13:16 70.0 06:18 00.0 20.7 00.00 02.7 17.3 15:27 NNE 26 83.2 098.4 14:16 69.1 06:25 00.0 18.2 00.00 03.0 12.7 18:15 NE -------------------------------------------------------------------------------------------------------- 81.2 (82.5) 107.4 day 05 60.4 day 02 000.0 421.5 00.00 02.8 18.4 day 23 NNE Max > 86: 26 Min < 86: 26 Max Rain: 0.00 ON 0-07-24 Days of Rain: 0 (> .008in) 0 (> .08in) 0 (> 0.8in)